1597
List the prime factors of 120319.
120319
What are the prime factors of 64891?
64891
What are the prime factors of 9995590?
2, 5, 11, 89, 1021
List the prime factors of 340727.
19, 79, 227
List the prime factors of 6500210.
2, 5, 401, 1621
List the prime factors of 10346240.
2, 5, 59, 137
List the prime factors of 1389579.
3, 479, 967
List the prime factors of 21314461.
7, 434989
What are the prime factors of 2509055?
5, 317, 1583
What are the prime factors of 1213558?
2, 379, 1601
List the prime factors of 8551230.
2, 3, 5, 29, 9829
What are the prime factors of 381450?
2, 3, 5, 2543
List the prime factors of 854019.
3, 31, 3061
List the prime factors of 2761353.
3, 7, 53, 827
List the prime factors of 142158.
2, 3, 19, 29, 43
List the prime factors of 198098.
2, 37, 2677
What are the prime factors of 121729?
41, 2969
List the prime factors of 1503518.
2, 751759
List the prime factors of 170416.
2, 10651
List the prime factors of 3817099.
11, 13, 26693
List the prime factors of 7227838.
2, 239, 15121
List the prime factors of 5188520.
2, 5, 19, 6827
List the prime factors of 15878.
2, 17, 467
List the prime factors of 783564.
2, 3, 17, 23, 167
List the prime factors of 228524.
2, 57131
What are the prime factors of 77963?
53, 1471
What are the prime factors of 3080958?
2, 3, 107, 4799
What are the prime factors of 624768?
2, 3, 1627
What are the prime factors of 289874?
2, 13, 11149
What are the prime factors of 81576?
2, 3, 11, 103
What are the prime factors of 399268?
2, 99817
What are the prime factors of 218113?
7, 31159
What are the prime factors of 880937?
911, 967
List the prime factors of 358587.
3, 19, 233
What are the prime factors of 1240276?
2, 149, 2081
List the prime factors of 41434.
2, 20717
List the prime factors of 10190277.
3, 503, 2251
What are the prime factors of 9066426?
2, 3, 877, 1723
List the prime factors of 25058964.
2, 3, 7, 269, 1109
What are the prime factors of 1173043?
1173043
What are the prime factors of 356691?
3, 118897
What are the prime factors of 151252?
2, 37813
List the prime factors of 942321.
3, 314107
What are the prime factors of 3886850?
2, 5, 11, 37, 191
What are the prime factors of 177517?
19, 9343
What are the prime factors of 5201461?
479, 10859
List the prime factors of 2468713.
13, 189901
List the prime factors of 728470.
2, 5, 97, 751
List the prime factors of 7740600.
2, 3, 5, 7, 19, 97
List the prime factors of 3561793.
41, 109, 797
What are the prime factors of 389827?
17, 23, 997
What are the prime factors of 50259?
3, 11, 1523
What are the prime factors of 6580974?
2, 3, 1096829
List the prime factors of 1785797.
13, 137369
What are the prime factors of 276473?
83, 3331
What are the prime factors of 9160699?
131, 69929
What are the prime factors of 5513724?
2, 3, 19, 2687
What are the prime factors of 1424619?
3, 7, 22613
List the prime factors of 99253.
7, 11, 1289
List the prime factors of 977128.
2, 67, 1823
What are the prime factors of 3400112?
2, 212507
List the prime factors of 3349641.
3, 1116547
What are the prime factors of 139889?
59, 2371
What are the prime factors of 51776?
2, 809
What are the prime factors of 331445?
5, 151, 439
List the prime factors of 1092603.
3, 251, 1451
What are the prime factors of 38160?
2, 3, 5, 53
What are the prime factors of 22829211?
3, 2536579
List the prime factors of 269867.
13, 20759
What are the prime factors of 2484603?
3, 11, 25097
What are the prime factors of 403897?
13, 31069
List the prime factors of 141101.
141101
What are the prime factors of 1077437?
29, 53, 701
What are the prime factors of 28435272?
2, 3, 61, 19423
What are the prime factors of 132817?
132817
List the prime factors of 2010571.
2010571
What are the prime factors of 140611?
140611
List the prime factors of 4364664.
2, 3, 23, 7907
List the prime factors of 625314.
2, 3, 89, 1171
What are the prime factors of 32459686?
2, 7, 61, 191, 199
List the prime factors of 251719.
13, 17, 67
What are the prime factors of 2316984?
2, 3, 29, 3329
What are the prime factors of 138608?
2, 8663
List the prime factors of 5705696.
2, 37, 61, 79
What are the prime factors of 579988?
2, 61, 2377
What are the prime factors of 1632709?
13, 9661
List the prime factors of 10324301.
13, 619, 1283
What are the prime factors of 2003939?
7, 47, 6091
List the prime factors of 4191129.
3, 17, 23, 397
What are the prime factors of 2266301?
19, 181, 659
What are the prime factors of 153387?
3, 13, 19, 23
What are the prime factors of 5265311?
5265311
What are the prime factors of 172473?
3, 7, 43, 191
What are the prime factors of 1102880?
2, 5, 61, 113
List the prime factors of 790397.
790397
List the prime factors of 3469984.
2, 7, 2213
What are the prime factors of 164445?
3, 5, 19, 577
What are the prime factors of 404263?
19, 21277
List the prime factors of 5453756.
2, 7, 11, 17707
List the prime factors of 8415191.
29, 439, 661
List the prime factors of 2522161.
47, 103, 521
What are the prime factors of 166396?
2, 17, 2447
What are the prime factors of 688955?
5, 137791
What are the prime factors of 5691912?
2, 3, 237163
What are the prime factors of 27276002?
2, 13, 1049077
What are the prime factors of 464995?
5, 113, 823
What are the prime factors of 26739?
3, 2971
List the prime factors of 359205.
3, 5, 7, 11, 311
List the prime factors of 1959574.
2, 979787
List the prime factors of 11350838.
2, 5675419
List the prime factors of 349065.
3, 5, 7757
List the prime factors of 9175900.
2, 5, 89, 1031
List the prime factors of 644065.
5, 128813
What are the prime factors of 2218836?
2, 3, 184903
What are the prime factors of 4906090?
2, 5, 7, 109, 643
List the prime factors of 8261394.
2, 3, 1376899
List the prime factors of 483655.
5, 96731
List the prime factors of 3863503.
7, 37, 2131
What are the prime factors of 7542816?
2, 3, 78571
What are the prime factors of 1589034?
2, 3, 264839
List the prime factors of 306312.
2, 3, 12763
List the prime factors of 13334897.
13334897
List the prime factors of 3874991.
769, 5039
What are the prime factors of 107228?
2, 11, 2437
What are the prime factors of 392808?
2, 3, 13, 1259
List the prime factors of 19726.
2, 7, 1409
What are the prime factors of 6363940?
2, 5, 11, 28927
List the prime factors of 250518.
2, 3, 43, 971
List the prime factors of 402125.
5, 3217
List the prime factors of 1885635.
3, 5, 41903
List the prime factors of 17272296.
2, 3, 239893
What are the prime factors of 2028141?
3, 225349
List the prime factors of 1303903.
1303903
List the prime factors of 9270.
2, 3, 5, 103
What are the prime factors of 4353723?
3, 11, 107, 137
List the prime factors of 16377826.
2, 8188913
What are the prime factors of 4521098?
2, 2260549
What are the prime factors of 18369751?
19, 379, 2551
List the prime factors of 154428.
2, 3, 17, 757
What are the prime factors of 1170195?
3, 5, 13, 17, 353
List the prime factors of 1967191.
1967191
List the prime factors of 283126.
2, 53, 2671
List the prime factors of 3458016.
2, 3, 12007
What are the prime factors of 201459?
3, 67153
What are the prime factors of 267637?
267637
What are the prime factors of 26236?
2, 7, 937
List the prime factors of 6353822.
2, 31, 102481
What are the prime factors of 1199569?
7, 24481
List the prime factors of 11489040.
2, 3, 5, 197
What are the prime factors of 4304021?
4304021
What are the prime factors of 5112193?
5112193
What are the prime factors of 9495994?
2, 4747997
List the prime factors of 1870970.
2, 5, 223, 839
List the prime factors of 986943.
3, 328981
List the prime factors of 32623468.
2, 1481, 5507
What are the prime factors of 9989599?
53, 188483
List the prime factors of 22734798.
2, 3, 37, 102409
What are the prime factors of 638218?
2, 7, 45587
List the prime factors of 145714.
2, 41, 1777
List the prime factors of 152766.
2, 3, 23, 41
List the prime factors of 145787.
19, 7673
What are the prime factors of 240996?
2, 3, 7, 19, 151
List the prime factors of 238537.
13, 59, 311
What are the prime factors of 667769?
667769
What are the prime factors of 158860?
2, 5, 13, 47
What are the prime factors of 320233?
431, 743
What are the prime factors of 619993?
11, 157, 359
What are the prime factors of 8503701?
3, 2834567
What are the prime